i?
3
Let x = -17 - -20. Suppose -2*h - x*h = 0. Suppose -i + h*i + 4 = 0. What is the units digit of i?
4
Let n(r) = r**2 - 7*r - 35. What is the tens digit of n(-25)?
6
What is the units digit of (-46)/(-92) - (-293)/2?
7
Suppose -z + 1 = 0, 2*z = -w + 1 - 2. Let f be (-1 - -3)*(-5)/(-1). Let n = w + f. What is the units digit of n?
7
Let d = 793 + -459. What is the hundreds digit of d?
3
Suppose -2*j + u = -405, 3*j + u - 397 = 208. Let o = -114 + j. What is the tens digit of o?
8
Let k = -356 + 632. What is the tens digit of k?
7
Let i(f) = -25*f + 5. Let v be i(-4). What is the units digit of (5/((-25)/(-2)))/(3/v)?
4
Let j(q) = -28*q - 546. What is the hundreds digit of j(-36)?
4
Suppose 0 = 2*y + 2*y - 184. What is the units digit of y + 2 + 0 - 2?
6
Suppose 3 = 5*w - 7. Suppose 0 = w*c + c - 36. What is the units digit of 33*((-32)/c + 3)?
1
Let b(a) = 3*a**3 + 0 - 2*a**3 - 1 + 3*a**3 + a. What is the units digit of b(2)?
3
Suppose -3*l + 5*d = -1913, 3*l - 1910 = -2*d - 25. What is the tens digit of l?
3
Let g = -606 + 1107. What is the units digit of g?
1
Suppose -c - 5 = q + 3, 3*q + 36 = c. What is the tens digit of 844/44 + -3 + 2/q?
1
Let m be (36 + 3)/(1/76). Suppose m = -3*i + 15*i. What is the tens digit of i?
4
Suppose 5*x + 23*f - 20*f - 2088 = 0, 5*f - 5 = 0. What is the hundreds digit of x?
4
Let y = -1630 - -3647. What is the hundreds digit of y?
0
Let n = 1520 + -583. What is the hundreds digit of n?
9
Let i(o) = -o**3 + 31*o**2 + 21*o + 113. What is the hundreds digit of i(22)?
9
Let r(v) = -180*v + 40. What is the tens digit of r(-6)?
2
Let v = 1411 + -1247. What is the tens digit of v?
6
Suppose -18*o = -22*o. What is the tens digit of (o - 6/(-8))*112?
8
Suppose 6*y = 4*h + y - 4512, -12 = -3*y. What is the hundreds digit of h?
1
Let m(w) = 2*w**2 + 3. Let k be m(4). Let d be (-41856)/27 + (-10)/(-45). What is the units digit of (-2)/7 - d/k?
4
Let r = -8 + 9. Let d be (-5)/(r - (-6)/(-3)). Suppose -4*j - 78 = -5*v, -d*v + 42 = -2*v - 4*j. What is the tens digit of v?
1
Let f(h) be the third derivative of -h**6/120 - h**5/10 + 7*h**4/24 + 2*h**3/3 + h**2. What is the units digit of f(-7)?
4
Let i = 8 + -5. Suppose -13*y = 125 - 853. Suppose -2*r = 2*p - y, -i*p - 5 + 79 = r. What is the units digit of p?
3
Let p(j) = j + 1. Let w be p(4). What is the hundreds digit of (-27)/(-3) - w - -136?
1
What is the thousands digit of (3 - 1)*(3 + (-5088)/(-6))?
1
Let x(l) = -l**3 + 5*l**2 - l + 7. Let u be x(5). Let f be 63/14 - u/4. Suppose f*n - 7 = 5. What is the units digit of n?
3
Let y = 3513 - -863. What is the thousands digit of y?
4
Let a(d) = -2*d**3 - 5*d**2 - 16*d - 12. What is the tens digit of a(-8)?
2
Let y = 97 + -117. What is the hundreds digit of (-3265)/y - (-1)/(-4)?
1
Suppose -3*q + w = -11060, 5*w + 1717 + 5639 = 2*q. What is the units digit of q?
8
Suppose 22*h - 20*h = 8. Suppose 0 = h*c - 153 - 283. What is the units digit of c?
9
Let r = 1267 - 745. What is the hundreds digit of r?
5
Suppose 11*w + 4*d = 6*w + 1771, -4*d - 1388 = -4*w. What is the tens digit of w?
5
Let x(v) = 3*v**2 + 2*v + 3. Let z(h) = 3*h + 5. Let c be z(-3). Let g(p) = 10*p**2 + 7*p + 9. Let f(a) = c*g(a) + 14*x(a). What is the units digit of f(5)?
6
Suppose 57 - 18 = t - 2*l, 5*t - 3*l - 167 = 0. Let c(h) = h**3 + h + 1. Let q be c(-2). Let v = q + t. What is the units digit of v?
2
Suppose -3*s + 6 = -3. Suppose s*j - 3 = 6. Suppose 4*c - j - 26 = -3*i, -4*i = -12. What is the units digit of c?
5
Let a(r) = 50*r**2 - 20*r + 137. What is the hundreds digit of a(9)?
0
Let g be 1 + 4 - (-3 - -3). Suppose 5 - 20 = -g*i. Suppose -x - 3*x + 52 = 4*r, 3*x = -i. What is the tens digit of r?
1
Let o(d) = d**2 + 3*d + 3. Let r be o(0). Let s = 1 + r. Suppose s*y = -4*w + 44, 5*y + 3*w - 63 + 4 = 0. What is the tens digit of y?
1
Let q = 1 - -6. Suppose -9 = -b - q. What is the units digit of 2/3*27/b?
9
Suppose 27 + 43 = 5*r. Let j = r - -32. What is the tens digit of j?
4
Let m = 1423 + -1015. What is the units digit of m?
8
Suppose 0 = -4*z + 12, -3*z + 4*z = n - 824. What is the hundreds digit of n?
8
Let a(k) = 70*k - 94. What is the hundreds digit of a(4)?
1
Let m(c) = 2*c**2 + 4*c - 69. What is the thousands digit of m(26)?
1
Let r = -4381 - -8506. What is the thousands digit of r?
4
Let i(k) = 8*k + 181. Suppose 5*l + 2*g - 1 = 3*g, 5*l + 2 = -2*g. What is the tens digit of i(l)?
8
Let w = 19 + 0. Let f = w - 8. Suppose -l - f = -2*l. What is the tens digit of l?
1
Let x(u) be the first derivative of u**2/2 + 16*u + 4. What is the units digit of x(23)?
9
Let p be (-5)/((-30)/(-36))*(-2)/3. Suppose -2*w - p*r + 182 = 0, 3*w + r - 264 = -2*r. What is the units digit of w?
5
Let x = -102 + 246. Let z be (4/(-8))/(-1)*x. Let d = -45 + z. What is the units digit of d?
7
Suppose 2*i = -2*o + 6*i + 960, -2*i = 4*o - 1880. Let q = o + -262. What is the tens digit of q?
1
Suppose 17*g - 16*g + 4 = 0. Let u(d) = -d**3 - 3*d**2 + 5*d + 3. Let n be u(g). What is the units digit of -2 - (-1 + n) - -67?
7
Let b(m) = m**3 + 6*m**2 - m - 4. Let p be b(-6). Let f be 30/50 - p/(-5). Suppose -5*r - f = -6. What is the units digit of r?
1
Let s be 30 - (-1 - 4*-1). Let t = -42 + s. What is the tens digit of ((-32)/5)/(3/t)?
3
Suppose 0*l - 11 = 3*l + 4*y, 5*y = -3*l - 16. Suppose 2*h = -3*h - 20, -l*x = 4*h - 11. What is the units digit of x?
9
Let g be 6*(0 + -1)*512/(-6). Suppose 4*f - 4*z - g = 0, z - 2*z = 3*f - 400. What is the hundreds digit of f?
1
Suppose 2*n = j - 2*j + 28, -j = 4. What is the tens digit of n?
1
Let u(m) be the third derivative of -m**6/90 - 3*m**5/40 + m**4/24 - 5*m**2. Let q(j) be the second derivative of u(j). What is the tens digit of q(-4)?
2
Let x(h) = -7*h**3 + 27*h**2 - 17*h - 7. Let c(q) = 10*q**3 - 41*q**2 + 26*q + 10. Let j(a) = 5*c(a) + 7*x(a). What is the tens digit of j(16)?
7
Suppose -5*w + 75 = -4*f, 0 = 4*w - w - 5*f - 58. Let m = w + 20. What is the tens digit of m?
3
Let c be ((-5)/(125/10))/((-1)/5). Suppose 0 = -c*w - t + 529, 0*w - t = -w + 266. What is the tens digit of w?
6
Let l(w) = 1. Let y(m) = 27*m - 1. Let a(c) = -3*l(c) + y(c). What is the units digit of a(2)?
0
Suppose -5*l - 1264 = 4*s - s, -3*s - 4*l = 1259. Let q = -180 - s. What is the tens digit of q?
3
Let h(i) = -i**2 - 20*i + 10. Let n be h(-15). Let d = n + -44. What is the units digit of d?
1
Let p = -27 + 404. What is the hundreds digit of p?
3
Let w(s) = 190*s**3 - 4 - 2 - 191*s**3 + 28*s + 22*s**2. What is the tens digit of w(23)?
0
Let v(h) = h**3 + 12*h**2 + 11*h - 8. Let f be v(-11). Let c(k) = k**2 + 8*k + 8. Let l be c(f). Let n(a) = -a + 15. What is the units digit of n(l)?
7
Let b(i) = 2*i**3 + 12*i**2 + 9*i - 3. What is the units digit of b(-5)?
2
Suppose -5*x + d - 776 = -d, d = 4*x + 622. What is the units digit of x/(-104)*76/6*7?
3
Let f(r) = r**3 + 13*r**2 + 13*r + 15. Let n be f(-12). Suppose n*h + 16 + 26 = 0. Let p(m) = m**3 + 15*m**2 + 13*m + 10. What is the tens digit of p(h)?
2
Suppose 7*f - 21 = 4*f. Let b be 7/f - (-1 - 1). Suppose 0 = a, -j - b*a + 9 = 2*j. What is the units digit of j?
3
Let d(h) = -5*h - 30. Let t be d(-7). Suppose -121 - 489 = -t*q. What is the units digit of q?
2
Suppose -191 = -3*u + 37. Suppose 0 = 3*f - 2*v + 4, -f = -4*v - 3 + 11. Suppose 0*q = -3*q + 2*d + 80, 3*q - 4*d - u = f. What is the tens digit of q?
2
Let s be ((-64)/(-20))/((-1)/(-15)*3). Let p = 4 - 6. Let m = p + s. What is the units digit of m?
4
Let n = 13 + -6. Suppose -6*u = -n - 5. What is the units digit of u?
2
Let j be 9/(-15) - 138/(-30). Suppose j*d + 35 = 4*l + d, -l + d + 10 = 0. Let h = l + 28. What is the tens digit of h?
3
Suppose 11*r = 14*r - 249. What is the tens digit of r?
8
Suppose -s - 414 = -3*n, -10*n + 5*s - 6 = -1381. What is the tens digit of n?
3
Let s(y) = y**3 + y**2 - 2*y + 1. Let z be s(1). Let w be 15 - -1 - (1 - 1). Suppose -w = -n + z. What is the tens digit of n?
1
What is the tens digit of ((-9)/6)/(10/(-2180))?
2
Let c = 43 + 44. What is the units digit of c?
7
Let f be ((-46)/4)/(17/102). What is the units digit of 28*f/(-54) + 14/63?
6
Let r(m) = 3*m**3 - 5*m**2 + m - 2. Let w be r(4). Suppose -4*v + 2*v + w = 0. Suppose 4*h - v = 143. What is the tens digit of h?
5
Let s(k) = -k*